**2 + 2*o. What are the prime factors of h(m)?
3
Let m(l) = l**2 + 9*l + 11. Let t be m(-9). Let k = -6 + t. Suppose 35 = 2*d - d - k*f, 2*f = 2*d - 30. List the prime factors of d.
2, 5
Let s = -23 + 41. List the prime factors of s.
2, 3
Suppose -19*j + 17*j = -106. What are the prime factors of j?
53
Suppose -p = -2*p + 30. Suppose -c + 3*c + 4*u = p, 0 = 5*c - u - 53. List the prime factors of c.
11
Suppose 0 = -2*d + 5*d - 150. Suppose 15 + d = 5*c. Suppose -z - 1 = -c. What are the prime factors of z?
2, 3
Suppose 3*a + 15 = 0, -a + 157 = 3*k - 6*a. Suppose 2*q - k = -0*q. List the prime factors of q.
2, 11
List the prime factors of -3 + 1735/25 - (-4)/(-10).
2, 3, 11
Let w = 26 + -21. Suppose -a + w = -0. What are the prime factors of a?
5
Suppose -2*d + 4*z + 4 = 5*z, -5*d = z - 13. Suppose 0 = -r, 4*v - r - 16 = d*v. What are the prime factors of v?
2
Let v = 0 - 2. List the prime factors of v*-2*4/2.
2
Let q be -3*(3 + (-21)/9). What are the prime factors of (27/(-5))/(q/10)?
3
Let t(z) = 2*z**3 - 14*z**2 + 11*z - 14. List the prime factors of t(8).
2, 101
Let t(n) = -2*n - 3*n**3 + 6*n**2 + 3 + 3 - 4 + 4*n**3. List the prime factors of t(-6).
2, 7
Let y = 28 - 17. What are the prime factors of y?
11
Let l = 10 - 24. Let b be 30/7 + 4/l. Suppose w = b*w - 18. List the prime factors of w.
2, 3
Suppose -6*x - 15 = -x, 4*s = 4*x + 648. What are the prime factors of s?
3, 53
Let n = -1 + 3. Let t(l) = 5*l**2 - 2*l - 2. What are the prime factors of t(n)?
2, 7
Suppose 5*g = 5*m + 280, 73 = 2*g + 4*m - 27. What are the prime factors of g?
2, 3
Suppose -12 = -4*o + 8. Let z(t) = t**3 - 4*t**2 - 5*t + 3. What are the prime factors of z(o)?
3
Let q(h) = -h**3 - 2*h**2 - 2*h - 1. Let x = -1 - 1. What are the prime factors of q(x)?
3
Let q(a) = -2*a + 3 - 1 - 2*a + a**2. List the prime factors of q(7).
23
Let k be 8/(-6) - (-3)/9. Let l = k - 2. Let b = 9 - l. What are the prime factors of b?
2, 3
Suppose 0*u - 2*u - 6 = 0. Let o(y) = y. Let g be o(u). Let q(h) = -h**2 - 3*h + 3. List the prime factors of q(g).
3
Let c be (12/8)/(6/(-8)). Let k(x) = 2*x**2 + 4*x + 2. Let a be k(c). Suppose v - a = 2. What are the prime factors of v?
2
Let i(f) = -3 + f - 3 + 8*f**3 - 6*f**3 + 5 + 2*f**2. What are the prime factors of i(2)?
5
Suppose 0 = -2*m + 5 - 29. Let f = 14 + m. List the prime factors of f.
2
Let u = 428 - 151. Suppose -3*h - v = 2*h - u, -2*h = 3*v - 116. What are the prime factors of h?
5, 11
Suppose 5*s - c = 230, -14 = -s + 4*c + 13. Let l = s - 27. What are the prime factors of l?
2, 5
Suppose 4*d = 6*d - 36. Suppose 3*g - 42 = -3*y, 0*y - 5*y = g - d. List the prime factors of g.
13
Suppose -3*n + 146 = 2*c, 2*n - 2*c - 49 = 35. List the prime factors of n.
2, 23
Suppose -8*c + 35 = -c. What are the prime factors of c?
5
Suppose 4*x + 2*x - 852 = 0. List the prime factors of x.
2, 71
Suppose 3*s + 14 = 44. List the prime factors of s.
2, 5
Suppose -2*g - 3*z = -3*g + 232, -2*g + 460 = -5*z. Suppose 6*q = q + g. Suppose 2*v - 2*y + 20 = 3*v, -4*y = -4*v + q. List the prime factors of v.
2, 7
Let u(k) = -156*k + 4. What are the prime factors of u(-2)?
2, 79
Let j = 72 - 121. Let y = -7 - j. What are the prime factors of y?
2, 3, 7
Suppose -3*w + 17 + 22 = 0. What are the prime factors of w?
13
What are the prime factors of (462/(-4) + -3)*(-6)/9?
79
Suppose 0 = -c - 61 + 222. List the prime factors of c.
7, 23
Let j be 15/3*(-44)/10. Let c = 33 + j. List the prime factors of c.
11
Let u(w) = 21*w - 3. What are the prime factors of u(3)?
2, 3, 5
Let d = 3 - -2. Let t(b) = -b**2 + 4*b + 5. Let n be t(d). Let a(w) = -w**2 + w + 6. List the prime factors of a(n).
2, 3
Suppose 200 = -3*y + 13*y. List the prime factors of y.
2, 5
Suppose 3*r - 7*r + 184 = 0. List the prime factors of r.
2, 23
Suppose 265 = j + 4*j. Let t = 22 + j. Suppose 4*o + 3 - t = 0. What are the prime factors of o?
2, 3
What are the prime factors of (2 - 78)/(-1 + -1)?
2, 19
Suppose -20*n + 105 = -17*n. What are the prime factors of n?
5, 7
Suppose 31 = 4*z - 3*z - 4*k, 0 = -2*z - 3*k + 117. What are the prime factors of z?
3, 17
Suppose 4*k - 5*i = -5 - 4, -3*k + 32 = 4*i. Suppose -o + 10 = -l, 3*l + 5 = -4*o + 31. Suppose 0 = 3*h - k - o. List the prime factors of h.
2
Let i be (-4 - (2 + -6))/4. Suppose 0 = 4*q - p - 16 - 5, 0 = q + 3*p - 2. Suppose i = 5*m - 4*n - 95, -n + 95 = q*m - 2*n. What are the prime factors of m?
19
Suppose -44 - 31 = -3*k. What are the prime factors of k?
5
What are the prime factors of 982/3 - (-22)/(-66)?
3, 109
Let s(v) = 4*v**3 + 7*v**2 - 5*v + 19. Let y(h) = -2*h**3 - 4*h**2 + 3*h - 10. Let l(f) = 6*s(f) + 11*y(f). What are the prime factors of l(3)?
7
What are the prime factors of 120/12 + 1*2?
2, 3
Suppose v - 242 = 5*b, -v - v + b + 439 = 0. List the prime factors of v.
7, 31
Let g = 3 + 6. List the prime factors of g/(-45) - 262/(-10).
2, 13
Let y = 2 - -2. Suppose -35 = -j + 5. Suppose -y*f + j = -0*f. What are the prime factors of f?
2, 5
Let n(u) = 4*u + 5*u + 1 - 4*u - 3*u. Let a be n(2). Let f = a + 2. What are the prime factors of f?
7
Suppose 0 = z - 4*z + 42. Suppose -d - z = -3*d. What are the prime factors of d?
7
Suppose 11 = 2*v - 1. Let l(r) = r**2 - 4*r - 5. Let y be l(v). Suppose 3*b + f - 14 = 0, y*b - f - 26 = 2*b. What are the prime factors of b?
5
Suppose 12 = -7*s + 8*s. List the prime factors of s.
2, 3
Let r be (-2)/(-4) + (-712)/(-16). List the prime factors of (r/(-12))/(-5)*12.
3
Let m(q) = -q - 8. Let b be m(-6). Let x = 0 - b. List the prime factors of x.
2
Let c(d) = 2*d + 3. Let r be c(-2). Let g be (r + 1)/2 - -2. Let o = 8 - g. What are the prime factors of o?
2, 3
Suppose -5*m = -5*q + 30, q = -3*m - 0 - 2. Let f(k) = -7*k + q + 8*k + 7. List the prime factors of f(12).
23
Let z(w) = -w**2 - 38*w - 32. What are the prime factors of z(-15)?
313
Let a(q) = 4*q**2 - 2. What are the prime factors of a(-2)?
2, 7
Let v = 372 - 229. What are the prime factors of v?
11, 13
Suppose -95 = -q - 17. List the prime factors of q.
2, 3, 13
List the prime factors of (0 - -1)/(2/26).
13
Suppose 234 = -5*s - 61. What are the prime factors of (-1)/(-4 - s/15)?
3, 5
Let l be 2/(-4) - 155/(-10). Let o = 33 - l. What are the prime factors of o?
2, 3
Suppose 80 = 5*a - 5. Let q(s) = 3*s - 12. What are the prime factors of q(a)?
3, 13
Let f be 2/4*(-13 - -51). Suppose 5*g = 5*l - 45, 0*g + 5 = -g + 3*l. Let p = g + f. What are the prime factors of p?
2
Let x be ((-5)/2)/((-1)/2). Suppose x*l - 10 = 40. What are the prime factors of l?
2, 5
Suppose -2*h - 5*j + 356 = 0, -4*j - 671 = 5*h - 1595. List the prime factors of h.
2, 47
Let d(m) = m**3 + 1. Let k(y) = 5*y**3 - 7*y**2 - 7*y - 6. Let w(f) = -4*d(f) + k(f). Let v be w(8). List the prime factors of 9 - (v - -3 - -1).
7
Suppose -3*c - 2*c = -10. Let f be (6 - 7)/(c + -1). List the prime factors of (7/21)/(f/(-45)).
3, 5
Suppose -3*n + 50 = -13. What are the prime factors of n?
3, 7
Suppose 80 = 2*x + 16. Suppose -12 = -2*u + t + 14, 3*u - x = 5*t. What are the prime factors of u?
2, 7
Suppose 2*g - 7 = -3. Suppose 2*s - 22 = 5*d, -g*s + 30 = -0*s - 3*d. List the prime factors of s.
3, 7
List the prime factors of (3 + 0)/(3/20).
2, 5
Let y(m) = 5*m**2 + 17*m - 1. Let x(d) = 4*d**2 + 16*d - 2. Let p(i) = 6*x(i) - 5*y(i). What are the prime factors of p(6)?
23
Suppose 0 = -3*u + 2*u + 3. Let s(o) = 0*o**2 + o**2 - 10*o + 4*o - 1 - u. List the prime factors of s(7).
3
Let w(l) = 4*l + 3*l**2 - 4 + 3*l + 5 - 5*l. What are the prime factors of w(-1)?
2
Let n(m) = 4*m - 13. Let t(i) = 5*i - 13. Let c(f) = -6*n(f) + 5*t(f). Suppose -3*h + 7*k - 18 = 2*k, -k - 18 = 3*h. What are the prime factors of c(h)?
7
Let p be -1 + 2 + (-12)/(-4). Let f be 152/(-7) - p/14. Let q = -7 - f. List the prime factors of q.
3, 5
Let q = -1 + -1. Let v be (1/2)/(q/(-4)). List the prime factors of 2 - 4*v/(-1).
2, 3
Let r be 141/15 - 4/10. Suppose -c = -3 + r. List the prime factors of (-1)/(-2) - 63/c.
11
Let s(g) = 31*g**2 - 2*g - 1. Let r be s(-1). Let w(d) = d**2 - 5*d + 1. Let c be w(5). Suppose 3*x - c = r. List the prime factors of x.
11
Let p = -7 + 11. Suppose -2*x = -r + 2*x + 22, 3*r + 4*x = 2. Suppose -p*l = -22 - r. List the prime factors of l.
7
Let a be 8*(3 + -2) + -3. Suppose -